 h = -59 + 34. Let z = -13 - h. What is the remainder when (-3)/2 - (-188)/8 is divided by z?
10
Let p(n) = -n**3 - 10*n**2 - 12*n - 6. Suppose 0 = -d - 11 + 2. Suppose -3*r + 32 = r. Calculate the remainder when p(d) is divided by r.
5
Let r = 0 + 0. Suppose r = j + 1 - 14. Let k = -27 - -34. What is the remainder when j is divided by k?
6
Calculate the remainder when (6/(-15))/(8/(-140)) is divided by 1/(-2) + (-10)/(-4).
1
Calculate the remainder when ((-26)/5)/(2/(-10)) is divided by ((-28)/6)/(52/(-78)).
5
Let q(r) = r**3 - 6*r**2 + 8*r - 7. Let v be q(5). Calculate the remainder when 15 is divided by (v - 3/3) + -1.
3
Let n = 5 - -7. Let k = -5 + 0. Let p = n - k. Calculate the remainder when p is divided by 9.
8
Let r be (-14)/(-6) - (-2)/(-6). Suppose r*u - 3*u + 4 = 0. What is the remainder when 7 is divided by u?
3
Let r(w) be the second derivative of w**4/4 + 4*w**3/3 - w**2 + 4*w. What is the remainder when r(-6) is divided by 15?
13
Suppose -3*h = u - 112, -4*h + 2*u = -31 - 115. What is the remainder when 146 is divided by h?
35
Let s be (0 - 3)*(0 + -1). Suppose -4*j = -r - 105, 5*j + 0*r = s*r + 126. What is the remainder when j is divided by 10?
7
Let c(h) = h**3 - 9*h**2 + 10*h - 3. What is the remainder when 37 is divided by c(8)?
11
Let l = 10 + -8. Suppose 0 = 2*m - 2 - l. Suppose -2*q + 3*n = -5*q + 117, m*n = -10. Calculate the remainder when q is divided by 15.
14
Suppose -3*j - 148 = -5*j. Suppose j = 4*v - 58. Suppose -4*g = -2*k - 38, v = 2*g + 2*k + 11. Calculate the remainder when 29 is divided by g.
9
Let o = -25 + 32. What is the remainder when 13 is divided by o?
6
Let a = 109 + -44. Suppose 0 = -j + 4*w + 16, -5*w = -2*j - 3*j + a. What is the remainder when 45 is divided by j?
9
Let y = -91 - -48. Let p(g) = -9*g + 1. Let a be p(3). Let b = a - y. What is the remainder when 32 is divided by b?
15
Let t(v) = -v**3 + 7*v**2 + 2*v - 1. Suppose 0 = z - 5*b + 2*b - 10, -2*z + 38 = 3*b. What is the remainder when t(6) is divided by z?
15
Let t(p) = p**2 - 2*p + 14. What is the remainder when t(-8) is divided by 32?
30
Let c(q) = q**2 + 3*q - 2. Let f be c(-4). Suppose f = -2*w + 26. What is the remainder when 47 is divided by w?
11
Let q(g) = g**3 - 4*g**2 - 4*g - 3. Let v be q(5). Let w be -2*(v - (-2)/(-4)). What is the remainder when (0 + w)*(-22)/3 is divided by 8?
6
Suppose -2*n - 69 = 73. Let r = n + 106. Suppose q - 2 = r. What is the remainder when q is divided by 19?
18
Let m = -21 + 31. Calculate the remainder when 27 is divided by m.
7
Let q(w) = w**2 + 1. Suppose -24 = -o + 2*r, 2*r + 2*r - 12 = -o. What is the remainder when q(-6) is divided by o?
17
Let s(m) = m**2 - 4*m. What is the remainder when 39 is divided by s(-3)?
18
Let o = 26 + -15. Suppose -3*m = 2*x - 0*m - 51, -x + 15 = -2*m. Calculate the remainder when x is divided by o.
10
Let v(k) = 3*k**3 - 4*k**2 - k + 1. Calculate the remainder when 25 is divided by v(2).
4
Suppose -3*b = -b - 26. Suppose 4*l - 90 = l. Suppose 2*w - 5*x - l = -0*w, -20 = 5*x. What is the remainder when b is divided by w?
3
Let q(p) = -p**3 + 17*p**2 - 9*p - 38. What is the remainder when q(16) is divided by 20?
14
Suppose g + 9 = 5*w, -4*g - 3*w = -0*w - 10. Suppose 0*k + 2*l + 37 = k, l = -5*k + 152. Calculate the remainder when k is divided by 1/((g + 1)/32).
15
Suppose 111 = 3*q - 135. Let x = q - 26. Suppose -4*g + x - 4 = 0. Calculate the remainder when 37 is divided by g.
11
Suppose 13 - 3 = 2*q. Let d = -28 - -47. What is the remainder when d is divided by q?
4
Let z = 11 + 17. What is the remainder when 83 is divided by z?
27
Suppose 0 = b - 6 + 2. Suppose -36 = -2*q - 2*m, q - 6*q - 3*m + 84 = 0. Calculate the remainder when q is divided by b.
3
Let m be (-7)/(-2) + 3/(-6). Suppose m*y + 0*y = 66. Calculate the remainder when y is divided by 8.
6
Let j(n) = 7*n**3 + 14*n**2 - n + 3. Let m(v) = 15*v**3 + 29*v**2 - 3*v + 6. Let t(k) = 13*j(k) - 6*m(k). Calculate the remainder when t(-4) is divided by 12.
11
Suppose 0 = -34*k + 30*k + 72. What is the remainder when k is divided by 5?
3
Calculate the remainder when 18 is divided by (-148)/(-14) - (-30)/70.
7
Suppose 3*k + k - 148 = 0. What is the remainder when k is divided by 13?
11
Let x = -4 + 26. Let w = x - -2. Calculate the remainder when 70 is divided by w.
22
Let s(m) = -2*m**3 + m**2 + 2. Suppose -16 = 4*d + 16. Let k = 20 + d. What is the remainder when s(-2) is divided by k?
10
Let z = -9 - -5. Let a(h) = 2*h**2 + h + 1. Suppose -10 - 10 = -2*n. Calculate the remainder when a(z) is divided by n.
9
Suppose r + 2*q - 13 = 0, -4*q = 3*r - 26 - 21. Calculate the remainder when 35/(-2)*(-60)/r is divided by 53/4 + 1/(-4).
11
What is the remainder when 42 + -8 + -1 + 0 is divided by 6?
3
Suppose 4*b + 2 = -10. Calculate the remainder when 3/(((-9)/25)/b) is divided by 14.
11
Suppose -128 = -5*i + 3*w, -76 = -7*i + 4*i + 2*w. Let l = i - 15. Let s(f) = -5*f**3 - f - 1. What is the remainder when l is divided by s(-1)?
3
Let v = 3 + -1. Suppose 143 = 3*t + 5*g, -v*t = 3*t - 4*g - 189. Let x = 16 + -2. Calculate the remainder when t is divided by x.
13
Let z(j) = -j**3 + 9*j**2 - 7*j - 5. Let c be z(7). What is the remainder when 21 is divided by (c/10)/(6/15)?
10
Let u(l) = 10*l + 2. What is the remainder when u(3) is divided by 17?
15
Suppose v - 4*v = -33. Let r be 4/((-24)/(-3))*-16. Calculate the remainder when v is divided by r/(-10) + (-93)/(-15).
4
Let j(m) = -m**3 - 6*m**2 - m. Calculate the remainder when 16 is divided by j(-6).
4
Let n = -169 + 265. Suppose -n = -6*u + 2*u. Calculate the remainder when u is divided by 15.
9
Suppose 2*o + 4 = 0, -2*o - 1 - 112 = -m. What is the remainder when m is divided by 22?
21
Let f be ((-4)/(-2))/((-1)/2). Calculate the remainder when 22 is divided by f/18 + 330/27.
10
Suppose 0 = 4*m - 24 - 12. Suppose m = -0*i + i. Calculate the remainder when 39 is divided by 15/4*48/i.
19
Let r(q) = q + 175. Let t be r(0). Suppose -d - 3*w - 25 = 16, -4*w + t = -3*d. Calculate the remainder when -1 - (d + 2 + -3) is divided by 14.
11
Let o = -8 + 11. Let w = o + 7. Let s = w - 1. What is the remainder when 17 is divided by s?
8
Let t(y) = 3*y - 4. Let h be t(3). Calculate the remainder when (4/h)/((-10)/(-575)) is divided by 16.
14
Let y = 181 - 120. What is the remainder when y is divided by 13?
9
Let j(y) = -y**2 + 11*y - 3. Let u be j(10). Let x(o) = -o**3 + 6*o**2 + 9*o - 7. Calculate the remainder when 20 is divided by x(u).
6
Let s = -23 + -20. Let i = 76 + s. What is the remainder when i is divided by 18?
15
Let v(x) = -2*x**3 + 18*x**2 + 4*x - 11. What is the remainder when 72 is divided by v(9)?
22
What is the remainder when 42 is divided by 5 - -12*12/8?
19
Let k = -7 + 14. Suppose 3*u - 24 = 3*s - k*s, 0 = u - 5*s - 8. Suppose o - 3*p - 1 = -5, -3*o + p + 12 = 0. Calculate the remainder when u is divided by o.
3
Let g = 46 - 43. Calculate the remainder when 15 is divided by g.
0
Let i(w) be the third derivative of -w**5/60 + w**4/4 + 5*w**3/3 + 3*w**2. What is the remainder when 8 is divided by i(7)?
2
Let w = -102 - -134. Calculate the remainder when 349 is divided by w.
29
Let p = 8 + -10. What is the remainder when 55 is divided by p/((-13)/(-7) - 2)?
13
Let n = -32 + 62. Suppose g - 21 = 2*f, -g - 45 = 5*f + 4*g. Let b = 6 - f. What is the remainder when n is divided by b?
14
Suppose -3*t = 3*x + x - 60, -t = x - 14. Calculate the remainder when x is divided by 4.
2
Let p = -52 - -70. What is the remainder when 123 is divided by p?
15
Let s(h) = h + 3. Let j be s(-2). Calculate the remainder when j*34 + (3 - 3) is divided by 12.
10
What is the remainder when 28 is divided by 4 + 1 + 1 + 2?
4
Suppose 0 = -4*x - x + 50. What is the remainder when 38 is divided by x?
8
Let l = 171 - 85. Suppose 0*q - q - 51 = -3*n, 5*n = 2*q + l. What is the remainder when n is divided by 6?
4
What is the remainder when 111 is divided by (-318)/(-12) - -3*2/4?
27
Let x(y) = y + 6. Let z be (-11)/(-3) - (-2)/(-3). Suppose -9 = c + 4*b, -2*b - z*b + 15 = 5*c. Calculate the remainder when 24 is divided by x(c).
11
Suppose f = 2*f - 3. Calculate the remainder when ((-90)/(-27))/(2/3) is divided by f.
2
Let l = 90 + 34. What is the remainder when l is divided by 63?
61
Let g = 